alse
Suppose 0 = 4*a + 2*o - 33060, -2*a = 11*o - 15*o - 16510. Is a a composite number?
False
Let m be 784 + -7 + 2 - 2/2. Suppose 3*z + 1922 = 5*r, -1128 = -5*r - z + m. Is r a prime number?
False
Is (7337 - 5) + (56 - 45) composite?
True
Let r(w) = -55 - 16*w - 26 + 14 + 2*w. Is r(-16) a composite number?
False
Let b be (1/4 + (-6)/8)*2766. Is 14/(-35)*b - 1/5 composite?
True
Let v(n) = 592*n + 104. Let r be v(26). Suppose -3*m = 5*t - 23243, 2*m - 2*t = -5*t + r. Is m a composite number?
True
Is (1 + -4)/((-349674165)/19426338 - -18) a prime number?
False
Let d(a) = -a**2 - 9*a + 12. Let f be d(-10). Suppose -4*c + 9 = -f*i - 9, -2*c - 3*i = -29. Suppose c*z = 15*z - 2936. Is z prime?
True
Suppose -153 = 2*g - 35. Let o = g + 61. Is (3175/(-10) + o)*-2 composite?
False
Suppose 5*d - 7 = -4*f, f + 56*d = 53*d. Suppose 5*r + 2397 = t, 4*t - 8209 - 1425 = -f*r. Is t composite?
True
Let z(u) = u - 134 + 676*u**2 + 270 - 136. Is z(1) composite?
False
Suppose -6260 - 3589 = 21*w. Is 291*2/((-42)/w) composite?
True
Let q = 50 - 43. Suppose -q*v + 20 = -17*v. Is (v/(-4)*2)/((-2)/(-2134)) a prime number?
False
Let f be (-4)/(-14) - 629/119. Let q be f/(-5)*(1 + (-3 - -2)). Suppose -5*c - 20 = q, d - 2*c = -3*d + 212. Is d a prime number?
False
Suppose 5*l - 1993875 = -5*s, 4*l - 5*s - 1138245 = 456837. Is l a prime number?
False
Suppose -4*m + 4*t = -468148, -m - 240*t + 117025 = -239*t. Is m composite?
True
Let y(s) = -14*s**3 - 8*s**2 - 10*s - 18. Let p be y(-4). Let i = 1453 + p. Is i prime?
True
Let i(a) = -1234*a + 1067. Is i(-5) composite?
False
Suppose 55*r - 56*r + 5 = 0. Suppose -16 - 8 = q - r*n, 0 = n - 4. Let p(b) = -10*b**3 + 7*b**2 + 4*b - 3. Is p(q) prime?
True
Suppose -5*u - 2 = -v - 0, 2*v - u = 13. Let k be v/3 + (-24)/(-36). Suppose -4*a = 7*f - 2*f - 6157, f = k*a - 4632. Is a a composite number?
False
Let j(w) = 44*w - 7. Let f(i) = 15*i - 2. Let q(z) = 11*f(z) - 4*j(z). Let x be q(-3). Is 3991/x*(1 + 2) a prime number?
True
Suppose -v + 4*d + 14 = 0, 2*d + 40 = 5*v - 3*d. Suppose 3*z + v*j - 4*j - 2402 = 0, 3*j = -15. Let n = -481 + z. Is n a composite number?
True
Suppose -6*i + 9*i + 1011 = 0. Let a = i - -742. Suppose -5*f - 14 = -2*m - a, 3*f = -2*m + 241. Is f prime?
True
Let w(m) = m**3 + 10*m**2 + 17*m - 2. Let q be w(-8). Let z(g) = 58 - g - 14*g - 31. Is z(q) prime?
False
Let s = 2172679 - 1460148. Is s a prime number?
True
Let w(i) = -i**3 + 12*i**2 - 5*i + 8. Let r be w(8). Let o = 376 - r. Suppose o = 2*f - 158. Is f composite?
True
Let w = -25888 - -455217. Is w prime?
True
Let g = 102927 + -47461. Is g a composite number?
True
Suppose 0 = 3*s - 2*j - 47, -5*s - 96*j + 71 = -92*j. Suppose -25394 = -2*d + 4*p, -s*p = -16*p - 5. Is d a prime number?
False
Let r be (20/(-6))/(3/(-9)). Let h = 31 - 26. Suppose -h*o + 286 = 3*j, -2*o = -4*o + r. Is j composite?
True
Suppose -208227 = -32*t + 116285. Suppose 6*i - t = 3605. Is i a composite number?
True
Let n be (6 - 12) + 8 - -32. Is n/8*14 - 6/12 a prime number?
True
Is 40570/(-140)*-900 - (-1 + (-8)/(-7)) a prime number?
True
Let h = -168440 + 334621. Is h a composite number?
True
Suppose 83*t = -b + 85*t + 143389, 3*t - 430158 = -3*b. Is b a prime number?
True
Suppose -3*l + 3*m = -198567 - 1835820, 3*l + 2*m - 2034397 = 0. Is l a composite number?
True
Let v(p) = -93*p**3 + 2*p**2 - 4*p - 1. Let i be v(-3). Let f be ((85/30)/17)/((-1)/(-30)). Suppose f*a - 5*s - i = 0, -2*s + 20 = -6*s. Is a a prime number?
True
Let o(s) = 28646*s - 2607. Is o(5) composite?
True
Suppose -3*j = 42*b - 37*b - 815543, 0 = 4*j - 4*b - 1087348. Is j a prime number?
True
Suppose -8*o + 5*o = -2*y - 3004, y - 4*o + 1497 = 0. Let x be 1 + -6 + (1/1 - 2316). Let w = y - x. Is w composite?
True
Suppose -9*b + 21 = -6*b. Suppose -2*y + b*y - 5035 = 0. Is y composite?
True
Suppose 0 = k - 35 - 14. Let i(z) = 76*z - 1 + k*z - 10 - 5. Is i(6) a prime number?
False
Suppose 208*k - 180*k - 29625988 = 0. Is k a composite number?
True
Let y = 802 - 705. Suppose -106*q = -y*q - 141147. Is q a prime number?
True
Let x(s) = 460*s + 25. Let q = 114 - 110. Is x(q) prime?
False
Suppose -s - 3*a + 18973 = -3*s, 2*a = -s - 9504. Let p = s + 5828. Let f = -1171 - p. Is f composite?
True
Let a(g) = 55*g + 49. Suppose -3 - 69 = j. Let d = 78 + j. Is a(d) prime?
True
Let n be 1*(1 - 8)*1328. Suppose 3*d - 40670 = 4*k, -95*d + 4*k - 54208 = -99*d. Let m = d + n. Is m a prime number?
False
Let f be ((-32)/72)/((-10)/495). Suppose f*s - 225869 + 40915 = 0. Is s prime?
False
Let h = -2 - -7. Suppose 0 = -h*k - x - 80, -5*k + 2*x = 70 - 5. Is (0 - -908)*(-2 + k/(-4)) prime?
False
Suppose 35 = m - 3*z + 32, -3*m - 5*z - 5 = 0. Suppose 0 = 2*y + y - 12. Suppose -s + m*l - 2*l = -1251, -5014 = -y*s + 2*l. Is s a prime number?
False
Let v(j) = -j**2 - 20*j - 84. Let h be v(-14). Suppose 9 + 6 = 3*b. Suppose 2*x + 2*g - 743 = -x, x - b*g - 276 = h. Is x a composite number?
False
Let u be -12*(16 + -2)/(-7). Is (-4)/u + (-39189)/(-18) prime?
False
Let n(x) = -x**2 - 14*x - 48. Let f be n(-6). Suppose 0*b + 2*b = 750. Suppose f = 2*u - 431 - b. Is u a composite number?
True
Suppose 0 = -4*n + 2*g + 30, -5*g + 12 = 37. Is 3806 + ((-38)/(-95) - 17/n) a composite number?
False
Let x(b) = 4*b**2 + 39*b - 9. Let u be x(-10). Let k(n) = 6308*n - 9. Is k(u) prime?
True
Suppose -4*h + 8*h - 8 = 0. Is (-32 - h)*(-3 + (-325)/2) prime?
False
Let y(z) = -57695*z + 164. Is y(-3) a composite number?
False
Suppose -262*a + 519453 = -1917409. Is a a prime number?
False
Suppose -5*n = -z - 10, -3*n - 2 = z - 8. Suppose -88*g + 862 = d - 93*g, 0 = d + 2*g - 827. Suppose z = 3*q + f - 814, d = 3*q - 3*f + 27. Is q composite?
False
Let f(h) = 4637*h**2 + 12*h + 12. Let b = 158 + -159. Is f(b) composite?
False
Let o be (-18 + -3)/(-3) - 2. Suppose -5*p + 1 = -o*c - p, 0 = -4*p + 16. Suppose c*h - 4*x - 3441 = -5*x, h + 3*x = 1147. Is h prime?
False
Let n(g) = 1 - 359*g - 10*g**3 - 1 + 355*g - 5*g**2. Let o be n(-9). Suppose 0*a = -9*a + o. Is a a prime number?
True
Is (0 - (-949928)/5) + ((-1848)/(-120) - 15) a prime number?
False
Suppose 26*l = 358534 + 251920. Is l a prime number?
False
Suppose -34*z = -38*z + 7540. Let f(c) = -81*c - 7. Let g be f(-7). Suppose -g + z = 5*b. Is b a prime number?
False
Let o(u) = -5*u**2 - 24*u + 31. Let y be o(13). Let l = -537 - y. Is l a composite number?
True
Let j be 5 + 5 + -6 + 1. Suppose 2*t = -j*w - 531, 359 = -2*w + 4*t + 137. Is w/((-132)/26 + 5) a composite number?
True
Is (5431755/7 - -10)*5/25 a prime number?
False
Let h(p) = -2*p**3 + 2*p**2 - 3*p + 23. Let s be h(4). Is 10971/51 + 10/s a prime number?
False
Let i(k) = 12548*k**3 - 2*k**2 - 4*k + 5. Let a be i(1). Suppose -4*h = m - a + 2428, -5*m + 10099 = 4*h. Is h composite?
False
Let w be 6/90 - 65868/(-180). Let s = -308 - -127. Let v = w + s. Is v a composite number?
True
Let i = -23273 - -56470. Is i a prime number?
False
Suppose 3*m = 7*m - 40. Suppose -m + 18 = 2*t. Is 443/2 + (-2)/t prime?
False
Is (-4 - -2 - 4) + (-8 - -627) prime?
True
Suppose 24 = -0*h - 2*h. Let p(w) = -w**2 + 10*w**2 + 6*w - 6*w**2 + 1 - w**2. Is p(h) composite?
True
Let g be ((-5)/10 + 1)*10/1. Suppose -38119 = -3*m - r, -9*r + 5*r - 63543 = -g*m. Is m prime?
False
Let m = 433 - 431. Suppose -m*t + 244 + 4230 = 0. Is t composite?
False
Suppose 5*x = -5*d + 5, -2 = 3*d + x - 9. Suppose 7560 = 3*l - f, -d*l - 5*f = -0*f - 7578. Is l prime?
True
Is 46972/(-6)*(-27)/(-72)*-4 composite?
False
Let k(o) = o - 14. Let v be k(34). Suppose v*q + 968 = 162588. Is q composite?
False
Suppose 3*u - 466517 = -5*z, 0 = 4*z - 2*u - 113924 - 259316. Is z composite?
False
Let z be (-17)/(-153) + 880/18. Suppose z*w = 58*w - 8001. Is w prime?
False
Let v = 8485 - -5076. Suppose -v - 48923 = 2*g. Is 2/(-3) + -2 + g/(-18) prime?
True
Let g(s) = 957*s**2 + 21*s + 13. Let l(u) = 14*u**2 + 113*u + 4. Let c be l(-8). Is g(c) a composite number?
False
Suppose -z + 5*u + 299 = -0*z, -3*z + u + 953 = 0. Let s = z + -286. Is s composite?
True
Suppose -3*f + 0*j = 4*j - 1, -6 = 3*f - 3*j. Is ((-10905)/10 + f)*-2 a composite number?
True
Let s = -137975 + 217942. Is s composite?
False
Suppose 2*i + 3*s + 380 = 7*s, 0 = -5*s + 5. Is 11089/(-4)*i/47 composite?
True
Let k be 2 + (0 - (2 + -3